6 - 41 - -137)?
-34
Evaluate 49 - (88 - (-54 + 71)).
-22
Evaluate -14 - 0 - -2 - (208 + -199 + (1 - -2)).
-24
Evaluate 882 + -897 + (1 - (0 + 20)).
-34
Evaluate (1 - -15) + (-88 - -65) + 5.
-2
1 - 24 - (-502 + 454) - 0
25
24 + 4 + 0 - (18 + -47 + 19)
38
(2 - -10) + 37 - (1 + 6 + 3)
39
What is the value of 20 + 0 + -20 + (127 - (5 - -4)) + -6?
112
Calculate (93 - (55 - 1)) + -97.
-58
-44 + 59 + (23 - -10)
48
Evaluate 12 + 1 - (-773 + 754).
32
Calculate (-1 + 4 + -15 - -9) + (12 - 6) - -102.
105
14 - -3 - (14 - -103 - 127)
27
7 + (7 - -1) + (43 - 21)
37
Calculate (11 - -12) + -14 + 2 + 5 + -5.
11
Calculate 2 + 18 + 11 + -14 + -18.
-1
What is 35 + -174 + 37 + 56?
-46
Calculate 24 + (101 - (-8 - 1 - -38)).
96
Calculate -28 - (11 + -10 + 114 + -69).
-74
Calculate 13 - (55 + -13 + 26 + -1 + -12) - 6.
-48
What is 377 + -396 + (8 - 2) - -56?
43
What is (-4 - -5) + 0 + -87 + -35 + 50 + -8?
-79
Calculate (-1 - -34) + 7488 + -7542.
-21
15 - (0 - (-12 + (-8 - -3) + -1))
-3
What is the value of -43 + -11 + 44 + 4?
-6
45 + -136 + 74 + -30
-47
-105 + (-342 - -331) + (1 - -33)
-82
Evaluate 85 + (-11 + (3 - -1) - (-5 - (4 + -14))).
73
Evaluate -52 + (18 + -7 - -44).
3
Evaluate (1 - (-110 + -13 + 2 + 14)) + 5 - -3.
116
Calculate -1 + 19 - (113 + -51) - 12.
-56
Calculate (442 - 470) + (0 - -19) - (-57 + 2 - -2).
44
What is (-38 - -75 - 47) + (5 - 4)?
-9
Evaluate (-12 - ((-37 - -22) + (1 - -1))) + -44.
-43
59 + -1 + -297 + 258 + 3
22
Calculate 44 - ((7 - 40) + -1 + 24).
54
5 + -2 - (19 - -13)
-29
(-160 - -143) + 0 + 0 + 16 + -19
-20
Calculate (-2 + 5 - (33 + 0)) + (6 + -94 - -84).
-34
What is the value of 23 + -35 + -78 + 49?
-41
Calculate 105 + 0 - 40 - 157.
-92
What is 1 - -42 - (417 + -441)?
67
What is the value of 0 + (1 - -42) + -1 + (0 + 201 - 199)?
44
Evaluate 48 - (-11 + (-35 - -139)).
-45
Calculate 2 - (63 + -9) - (46 - 55).
-43
What is 75 + -104 + 67 - -49?
87
Calculate 20 - 29 - (-3 + 1 + -1 + 9).
-15
What is (-430 - -382) + (-50 - -19)?
-79
What is (17 - 16 - 13) + 27 + 27 - 8?
34
Evaluate 37 + -40 + (13 - (-4 + 3 - -6)) - 51.
-46
What is the value of 990 + -1004 - (1 + 1 + 7)?
-23
24 + -11 + (3 - 7 - 14) + -8
-13
Evaluate -36 - (-74 - -86 - (-2 - -12)).
-38
-83 - 26 - -61 - -29
-19
What is the value of 34 - ((-43 - -69) + -15 - (-2 + 14))?
35
Evaluate 3 + 173 - (146 - (189 + -82)).
137
-82 - 15 - 25 - -63
-59
Calculate (0 - (1 - 1)) + (32 - (-31 + (18 - -7))).
38
-12 + 104 + (-117 - -66)
41
What is 1 + 4 + (11 - (-10 - -20)) - (8 + -27)?
25
What is the value of 76 - (34 + -25 - 25) - (-7 + 0)?
99
What is the value of (36 - 2) + 38 + -59 + -8 + 2?
7
What is -146 - -56 - -85 - (2 - (-25 + 1 + 1))?
-30
-44 - (-34 + 12 + 35)
-57
-90 + (-9 - (-45 - -26)) - -28
-52
What is the value of -4 + -7 + 35 + (-12 - -10) + 19?
41
-18 + 4 - (-15 + (81 - 35))
-45
What is -7 + 113 - (-165 - (-196 - -73))?
148
3 - -11 - (6 - -13) - -26
21
What is -58 + 1 + (-198 + 186 - (-22 + -2) - -2)?
-43
Evaluate (-101 - -49) + (-130 - -105).
-77
Evaluate -92 + -9 + 134 - (88 - -3).
-58
Evaluate (0 - (-27 + -6)) + (-4 - -5 - -1 - -2).
37
What is -8 - (0 - 11) - (-6 + -51 + 3 + -3)?
60
(2 - (-9 + (8 - 4))) + 32 - (-87 + 89)
37
Evaluate (1 - -8) + 5 + (-5 - 9) - 10.
-10
What is the value of -3315 - -3257 - (0 - 83)?
25
What is -57 - (-54 + -1) - (95 + 17)?
-114
What is the value of (0 - 8) + (-1413 - -1383)?
-38
What is the value of -14 + 1 + 392 + -389 + (50 - (-1 + 3))?
38
Evaluate -2 - -8 - (23 + 5) - -86.
64
Evaluate (-14 - (36 + 4 + -2)) + 22.
-30
What is the value of 37 - (102 + (-114 - -10))?
39
What is the value of -187 + (-27 - -40) + 40 + 42?
-92
What is the value of 56 + (-13 - -26 - (-8 + 32))?
45
What is 6 - ((-3 - -37) + -643 + 683)?
-68
What is the value of 4542 + -4496 + 41 + 0?
87
Calculate -200 + 186 - (2 + 0) - -6 - (-74 + 0).
64
Calculate -70 + 54 - (-69 - -8).
45
Calculate -46 - (23 - (1 + 48)) - -23.
3
What is the value of -36 - (32 - 27 - 122)?
81
Calculate -480 + 441 + (4 - -14).
-21
Evaluate 7 - 1 - (84 - 21 - 31).
-26
What is 55 + (-9 + -6 - -7) - (42 + -53)?
58
What is the value of -76 + 64 + 107 - (9 - (1 - 4))?
83
Calculate 45 + (4 - (22 + 43)).
-16
22 - ((-68 - -32) + 36 + 101)
-79
2 + 59 - (60 - 49 - (-9 + 1 + 7))
49
Evaluate (0 - (-34 - -25 - (2 + 1))) + -37 - -6.
-19
What is the value of (-5 + -5 + 21 - 3) + -4?
4
7 + -2 + (-6 + -10 - -28) + -8 + 1
10
What is 38 + -15 + (-37 - -25) - (-2 + 1 + 4)?
8
-7 + 2 - (48 + -16 + -5 - 22)
-10
What is 154 + (44 + -275 - -114)?
37
-39 + (-38 - -53) + -1 + (-9 - 5)
-39
What is the value of -7 - 60 - 0 - (37 + -36)?
-68
What is the value of (-14 - 1) + (-29 - -42) - -21 - 23?
-4
What is the value of -4 + -35 + 52 + (4 - 1 - -3)?
19
-16 - (-1 - 4) - (-54 + (-7 - -6)) - 2
42
What is 1672 - 1620 - (0 + 44) - 48?
-40
What is -37 - (13 + -54) - 49?
-45
(-19 - (-32 - 25)) + -36 - (-58 + (-3 - -1))
62
Evaluate -153 + 78 + -56 + 144.
13
What is the value of (7 + 1 - 24) + -125 + (1 - -10)?
-130
Evaluate -1 + 2 + -12 + -52 + (-110 - -257).
84
What is the value of 38 + (-53 + -45 + 1 - -15)?
-44
Evaluate 145 - 14 - (296 + -156).
-9
Calculate -15 + (-21 - (-36 - -17) - -9).
-8
What is the value of -5 + -1 + -17 + 19 + (1 - 8) - 2?
-13
What is the value of 59 - (-14 - ((9 - -3) + -60))?
25
What is the value of -13 - (118 + 109 + -296)?
56
What is the value of -4 + (-135 - -122 - (-41 + 3 + -1))?
22
Evaluate (27 - 26) + -20 + 10.
-9
Evaluate -8 - -4 - (-4 - (3 + -7)).
-4
Calculate (-10 - -52) + 8 - 4 - (7 + 0).
39
What is the value of -14 + (0 - (-42 + (24 - 10))) - -29?
43
What is -2 - (-64 + -43 + (25 - 7))?
87
What is the value of (-49 - 3) + 8 + 4 + 0?
-40
Calculate 32 + (4 - 45) - (2 + 40 - (-13 - -10)).
-54
What is the value of 188 - 147 - ((4 - (-3 + 4)) + -6)?
44
What is the value of -64 - (34 + 106 + -213)?
9
What is the value of -12 + 40 + 945 + -1109?
-136
Calculate -95 - -5 - (-339 + 320 + (1 - -3)).
-75
Evaluate 93 + -121 - (14 - 4 - (5 + 0)).
-33
What is the value of -1 + 32 + (221 - 227) - 63?
-38
What is 48 - (-1 - -10 - (5 - 9))?
35
Evaluate -16 + (-4 - -11) + 62 + -65.
-12
What is the value of 21 + -114 - -87 - (43 - 0)?
-49
Evaluate -151 - (-172 + 1 + 113).
-93
Evaluate (-33 - -128) + (138 - 306).
-73
What is -44 + (49 + -93 - -97)?
9
What is (-6 + 46 + -30 - 11) + -1?
-2
Calculate (2 + -9 - (120 - 140)) + 2 + -73.
-58
What is the value of 1446 + -1373 + 1 + -45?
29
Evaluate (0 - 14) + 53 + -36 - (5 + -2 - 57).
57
-46 + 37 + -8 - (2 - 4 - -30)
-45
43 - (-64 - (-77 + -16))
14
Evaluate 14 - (-40 + (29 - 16) + 9).
32
Evaluate -130 - (-30 + -26 + -55).
-19
Evaluate -41 + 25 + 6 + 22 + 57.
69
Calculate (10 - -3) + (14 - (29 + -10)) - (25 + 2).
-19
What is the value of 35 + -48 + 26 + 2 + -10 + (-2 - -45)?
48
Evaluate -2 + 102 + 2 - (-5069 + 5092).
79
What is the value of 113 + -109 - (0 - 33 - 4)?
41
What is (0 - 9 - (1 - (1 + 2))) + -11633 + 11676?
36
Evaluate (26 - 5) + 75 + -108 - 43.
-55
What is (9 - 0 - 1) + -26819 + 26829?
18
-45 - (-22 + -16 + 50 + -35)
-22
What is the value of (5 - 79) + 62 - 1?
-13
9 - (10 - 12) - 5 - (24 - 4)
-14
-14 - 2 - (8 + 16 + -13)
-27
Evaluate 73 + -17 - (43 - 82).
95
What is the value of 20746 + -20664 - (35 + 1)?
46
Calculate (-18 - 4) + -19 + (24 - -7).
-10
What is -68 - (-21 + 23 + (3 + 0 - 2)) - -2?
-69
(31 + -15 - 2) + (-1 - (8 - 1))
6
What is (7 - (-2 + 3)) + (92 - 104) + 33?
27
Calculate (-15 - -2) + 27 + -9 + 36 + 8.
49
Calculate -114 + 58 + 105 + -49.
0
(7 + 4 - 7 - -4 - -1) + 0 - -38
47
((-6 - -49) + -80 - (7 - 0)) + 9 + -1
-36
What is the value of -15 + (10 + -8 + 7 - 7) + -31?
-44
-27 + 6 + -7 + -3 + -11 + 10
-32
(-3 + -19 - -3 - -10) + 37
28
What is -29 + (279 - 66) + -80?
104
Evaluate 16 + (14 - (10 + -5) - (8 - -20)).
-3
Calculate -1 - (3 - 1 - (66 - (62 - 2))).
3
Evaluate -1 + -37 - (17 - (-108 + 91)).
-72
What is (-158 - (-231 + 139)) + (-1 + -4 - -2) + -1?
-70
Evaluate 100 + 20 + -223 + 220 + -3 + -1.
113
Calculate -20 - -4 - (-43 + 2) - 41.
-16
-11 - (22 + -19 + -111 - -7)
90
What is -23 + -15 + -62 + 1 + -6 + 4?
-101
Calculate (-285 - -185) + 57 + -7.
-50
What is -43 - (33 - -17 - 95)?
2
Evaluate -58 + (-35 - -35) - -29 - (7 - 1).
-35
Evaluate 7 + (-16 - -31) + -101 + -17.
-96
Calculate 8 + -3 + (8 - (3 + (-5 - -9) + 3)).
3
What is (-202 + 194 - (9 - -52)